{"id":164,"date":"2025-12-27T15:36:19","date_gmt":"2025-12-27T15:36:19","guid":{"rendered":"http:\/\/gyurcsakauto.hu\/?page_id=164"},"modified":"2026-01-02T11:04:29","modified_gmt":"2026-01-02T11:04:29","slug":"milyen-papirokat-vigyek","status":"publish","type":"page","link":"https:\/\/gyurcsakauto.hu\/?page_id=164","title":{"rendered":"Milyen pap\u00edrokat vigyek?"},"content":{"rendered":"\n<p><strong>Hat\u00f3s\u00e1gi m\u0171szaki vizsg\u00e1lathoz:<\/strong><\/p>\n\n\n\n<p><\/p>\n\n\n\n<p>&#x2705;Forgalmi enged\u00e9ly<br>&#x2705;A Forgalmiban szerepl\u0151 mag\u00e1nszem\u00e9ly <strong>szem\u00e9lyi adatai <\/strong>(sz\u00fclet\u00e9si hely, id\u0151, szem\u00e9lyi igazolv\u00e1ny\/vezet\u0151i enged\u00e9ly\/\u00fatlev\u00e9l sz\u00e1mokb\u00f3l az egyik)<\/p>\n\n\n\n<p>&#x2705;\u00c9rv\u00e9nyes k\u00f6telez\u0151 biztos\u00edt\u00e1s (Figyelem! Csak akkor k\u00e9rj\u00fck a bizonylatot, ha a rendszerben nem szerepel a biztos\u00edt\u00e1s megl\u00e9te)<\/p>\n\n\n\n<p>&#x26a0;&#xfe0f;Ha a j\u00e1rm\u0171 c\u00e9ges: <br>&#x2705;<strong>Al\u00e1\u00edr\u00e1si c\u00edmp\u00e9ld\u00e1ny<\/strong><br>&#x2705;30 napn\u00e1l nem r\u00e9gebbi t\u00e1rolt c\u00e9gkivonat (ezt let\u00f6lthetj\u00fck mi is, ha sz\u00e9pen k\u00e9ri&#x1f60a;)<\/p>\n\n\n\n<p>&#x26a0;&#xfe0f;Ha valamilyen okb\u00f3l nincs Forgalmi enged\u00e9ly:<br>&#x2705;Hat\u00f3s\u00e1gi Hat\u00e1rozat (Ha a Forgalmit m\u0171szaki hiba\/lej\u00e1rt m\u0171szaki, stb. miatt bevont\u00e1k)<br>&#x2705;Hat\u00f3s\u00e1gi Igazol\u00e1s (Ha a Forgalmi elveszett)<\/p>\n\n\n\n<p><\/p>\n\n\n\n<p><strong>Eredetis\u00e9g vizsg\u00e1lathoz<\/strong>:<\/p>\n\n\n\n<p><\/p>\n\n\n\n<p>&#x2705;Forgalmi enged\u00e9ly<br>&#x2705;Az \u00faj tulajdonos szem\u00e9lyi igazolv\u00e1nya \u00e9s lakc\u00edmk\u00e1rty\u00e1ja<\/p>\n\n\n\n<p>&#x2705;Ad\u00e1sv\u00e9teli szerz\u0151d\u00e9s (ez nem k\u00f6telez\u0151 eleme az eredetis\u00e9gvizsg\u00e1latnak, de mindenk\u00e9ppen hozz\u00e1k magukkal, ha van)<\/p>\n\n\n\n<p>&#x2705;\u00c9rv\u00e9nyes k\u00f6telez\u0151 biztos\u00edt\u00e1s (ennek megl\u00e9te nem k\u00f6telez\u0151 az eredetis\u00e9g vizsg\u00e1lathoz, de az okm\u00e1nyiroda k\u00e9rni fogja)<\/p>\n\n\n\n<p>&#x26a0;&#xfe0f;Ha a j\u00e1rm\u0171 c\u00e9ges: <br>&#x2705;<strong>Al\u00e1\u00edr\u00e1si c\u00edmp\u00e9ld\u00e1ny<\/strong><br>&#x2705;30 napn\u00e1l nem r\u00e9gebbi t\u00e1rolt c\u00e9gkivonat (ezt let\u00f6lthetj\u00fck mi is, ha sz\u00e9pen k\u00e9ri&#x1f60a;)<\/p>\n\n\n\n<p>&#x26a0;&#xfe0f;Ha valamilyen okb\u00f3l nincs Forgalmi enged\u00e9ly:<br>&#x2705;Hat\u00f3s\u00e1gi Hat\u00e1rozat (Ha a Forgalmit m\u0171szaki hiba\/lej\u00e1rt m\u0171szaki, stb. miatt bevont\u00e1k)<br>&#x2705;Hat\u00f3s\u00e1gi Igazol\u00e1s (Ha a Forgalmi elveszett)<\/p>\n","protected":false},"excerpt":{"rendered":"<p>Hat\u00f3s\u00e1gi m\u0171szaki vizsg\u00e1lathoz: &#x2705;Forgalmi enged\u00e9ly&#x2705;A Forgalmiban szerepl\u0151 mag\u00e1nszem\u00e9ly szem\u00e9lyi adatai (sz\u00fclet\u00e9si hely, id\u0151, szem\u00e9lyi igazolv\u00e1ny\/vezet\u0151i enged\u00e9ly\/\u00fatlev\u00e9l sz\u00e1mokb\u00f3l az egyik) &#x2705;\u00c9rv\u00e9nyes k\u00f6telez\u0151 biztos\u00edt\u00e1s (Figyelem! Csak akkor k\u00e9rj\u00fck a bizonylatot, ha a rendszerben nem szerepel a biztos\u00edt\u00e1s megl\u00e9te) &#x26a0;&#xfe0f;Ha a j\u00e1rm\u0171 c\u00e9ges: &#x2705;Al\u00e1\u00edr\u00e1si c\u00edmp\u00e9ld\u00e1ny&#x2705;30 napn\u00e1l nem r\u00e9gebbi t\u00e1rolt c\u00e9gkivonat (ezt let\u00f6lthetj\u00fck mi is, ha sz\u00e9pen k\u00e9ri&#x1f60a;) &#x26a0;&#xfe0f;Ha [&hellip;]<\/p>\n","protected":false},"author":1,"featured_media":0,"parent":0,"menu_order":0,"comment_status":"closed","ping_status":"closed","template":"","meta":{"pagelayer_contact_templates":[],"_pagelayer_content":"","footnotes":""},"class_list":["post-164","page","type-page","status-publish","hentry"],"_links":{"self":[{"href":"https:\/\/gyurcsakauto.hu\/index.php?rest_route=\/wp\/v2\/pages\/164","targetHints":{"allow":["GET"]}}],"collection":[{"href":"https:\/\/gyurcsakauto.hu\/index.php?rest_route=\/wp\/v2\/pages"}],"about":[{"href":"https:\/\/gyurcsakauto.hu\/index.php?rest_route=\/wp\/v2\/types\/page"}],"author":[{"embeddable":true,"href":"https:\/\/gyurcsakauto.hu\/index.php?rest_route=\/wp\/v2\/users\/1"}],"replies":[{"embeddable":true,"href":"https:\/\/gyurcsakauto.hu\/index.php?rest_route=%2Fwp%2Fv2%2Fcomments&post=164"}],"version-history":[{"count":7,"href":"https:\/\/gyurcsakauto.hu\/index.php?rest_route=\/wp\/v2\/pages\/164\/revisions"}],"predecessor-version":[{"id":173,"href":"https:\/\/gyurcsakauto.hu\/index.php?rest_route=\/wp\/v2\/pages\/164\/revisions\/173"}],"wp:attachment":[{"href":"https:\/\/gyurcsakauto.hu\/index.php?rest_route=%2Fwp%2Fv2%2Fmedia&parent=164"}],"curies":[{"name":"wp","href":"https:\/\/api.w.org\/{rel}","templated":true}]}}